. What is the remainder when 37 is divided by (-2 - -2) + o + 3?
18
Suppose 0 = -3*q + 6*q + 12, 0 = j + 2*q - 38. Calculate the remainder when j is divided by 16.
14
Let y(k) = 2*k**2 + 4*k - 4. Calculate the remainder when 35 is divided by y(-4).
11
Suppose 0 = -4*u + 5*u + 6. Let c be (u/(-8))/(2/8). Suppose -2*y + 110 = c*y. What is the remainder when 43 is divided by y?
21
Let y = -31 + 33. Let d be -1*(1 - 0)*-2. Suppose -4*q + 32 = y*u + d*u, -34 = -3*q - u. What is the remainder when 37 is divided by q?
11
Let s = 51 - 28. Suppose -f + 2*g - 4 = 0, -6*f - 5*g = -2*f - s. What is the remainder when (4/(-6))/((-1)/6) is divided by f?
0
Let p(x) = -x**2 + 13*x + 4. Let n be p(7). Suppose -2*g - n = -3*g. Calculate the remainder when g is divided by 12.
10
Suppose -x - x = -2*b - 26, 0 = -3*b - 6. What is the remainder when x is divided by 7?
4
Let t = -5 - -16. Let g(a) = 2*a**2 + a. Let u be g(3). Let b = u + 11. Calculate the remainder when b is divided by t.
10
Suppose -5*q = -s - 76, 0 = 3*q + s + 2*s - 60. What is the remainder when (-31 + 0)*(0 + -2) is divided by q?
14
Suppose s + 3*j = 4*s - 198, 4 = 4*j. Calculate the remainder when s is divided by 23.
21
Suppose 0*p + p = -4*l + 253, -2*l = p - 125. Suppose 0 = 2*q + 8, 20 - l = -5*o + q. Calculate the remainder when 13 is divided by o.
5
Let b = -50 - -52. Calculate the remainder when 21 is divided by b.
1
Let y(z) = -z**3 + 8*z**2 - 5*z - 1. Calculate the remainder when 23 is divided by y(7).
10
Let x(t) = t**2 - 2*t - 4. Suppose -3*w + 21 = 9. Calculate the remainder when x(-3) is divided by w.
3
Suppose 0 = -5*s + m + 77, 3*m - m - 41 = -3*s. What is the remainder when s is divided by 6?
3
Suppose 2*k + k - 84 = 0. Let q(z) = -z**2 - z - 13. Let g be q(0). Let u = k + g. What is the remainder when u is divided by 8?
7
Suppose -22 = 5*o - 127. What is the remainder when 145 is divided by o?
19
Suppose -4*p = -64 - 0. Let o = -11 + 15. Let t(m) = 8*m - 1. What is the remainder when t(o) is divided by p?
15
What is the remainder when ((-46)/(-3))/(8/36) is divided by (0 + 9)*8/3?
21
Let u be 4 + (2 - 5) - -1. Suppose 0 = u*i - 5*i + 33. Calculate the remainder when i is divided by 4.
3
Suppose -4*z + 20 = 4*m, 0*m = -m - 4*z - 1. What is the remainder when 25 is divided by m?
4
Suppose 3*m - 72 + 8 = -r, 5*m - 104 = r. What is the remainder when m is divided by 11?
10
Suppose -j - 2*f - 3*f = -36, 58 = 3*j + 5*f. What is the remainder when 32 is divided by j?
10
Suppose -u = 3*u + 8. What is the remainder when (-2)/(0 + u) - -20 is divided by (2/2 + 0)*11?
10
Let f = 37 + -31. Calculate the remainder when f is divided by 4.
2
Let k be 3*4/18*(-18)/(-12). Let m = -4 - -8. Let r = k + m. Calculate the remainder when 19 is divided by r.
4
Let g(p) = p**2 + 10*p + 9. Let b be g(-6). Let c = 26 + b. Suppose -3*t + 12 = -6. What is the remainder when c is divided by t?
5
Suppose 8*o = 263 - 55. Calculate the remainder when o is divided by 8.
2
Calculate the remainder when 2/(-9) - 21/54*-196 is divided by 20.
16
Suppose -3*s - 13 + 1 = 2*p, -12 = 3*s - 3*p. Let j = 13 + s. Calculate the remainder when 26 is divided by j.
8
Suppose o - 5 = 2*o. Let c be ((-56)/(-35))/((-2)/o). Suppose -4*m - 17 = -x, -c*x - m + 36 = -32. Calculate the remainder when x is divided by 6.
5
Suppose 0 = 14*y - 13*y - 19. What is the remainder when y is divided by 11?
8
Let w(t) = t**3 - 5*t**2 + 5*t - 2. What is the remainder when w(5) is divided by (-8)/(-36) + 230/18?
10
Let n(v) = 9*v**2 + v. Let g(t) = -14*t**2 - 2*t. Let c(k) = -5*g(k) - 7*n(k). What is the remainder when 65 is divided by c(-2)?
21
Let z(i) = i**3 + i**2 + i - 2. Let r be z(0). Calculate the remainder when (-525)/(-14) - 1/r is divided by 10.
8
Let g(q) = 9*q**3 + 2*q - 1. Suppose 3*y + 0 - 3 = 0. Calculate the remainder when 19 is divided by g(y).
9
Let j(w) = 7*w + 6. Let o be j(5). Let v be 112/6 - (-6)/18. Let m = o - v. What is the remainder when 42 is divided by m?
20
Suppose 5*j + 18 - 56 = -d, -4*d + j + 47 = 0. Calculate the remainder when (-21 + -4)*(-2 - -1) is divided by d.
12
Let y(k) = k**3 - 6*k**2 + 8*k - 7. Calculate the remainder when y(6) is divided by 14.
13
Suppose 5*y - 288 = -0*y - 3*r, -4*y + 225 = -3*r. Calculate the remainder when y is divided by 6.
3
Suppose 62 = 5*o + 2. Let l(b) = -7*b - 3. Let q(y) = 11*y + 5. Let f(c) = -8*l(c) - 5*q(c). What is the remainder when o is divided by f(6)?
2
Let b(t) = 0 + 0 - 3 + 2*t**2 + 7 - 6*t. Let l = 34 + -20. What is the remainder when b(6) is divided by l?
12
Let o be (91/(-2))/(2/(-4)). Suppose -5*q = m - o, -5 = -2*q + 3*m + 45. Calculate the remainder when 75 is divided by q.
18
Let g be 15 + 1/(3/6). Suppose -g = -3*x - 2. Suppose 29 = 3*u - x*q, 14 = 2*u + q - 14. What is the remainder when 24 is divided by u?
11
Suppose -3*t - 6 = 5*i, -4*t + 18 = 4*i - 6*i. Suppose 0 = 3*y - 4*n - 51, 0 = 3*y + 2*y - t*n - 74. What is the remainder when 25 is divided by y?
12
Suppose -165 = 7*c - 10*c. Calculate the remainder when 162 is divided by c.
52
Suppose 0 = 4*j - 79 - 25. Suppose o - j = -o - 3*x, 2*o - 26 = 3*x. Suppose 5*g - 42 = -17. Calculate the remainder when o is divided by g.
3
Suppose 0 = 6*x - 4*x + 3*q - 259, -4*x + 3*q = -545. Calculate the remainder when x is divided by 45.
44
Let q(c) = -c**3 + 22*c**2 - 3*c + 74. Let x(z) = 7*z - 6. What is the remainder when x(5) is divided by q(22)?
5
Let v = 6 + 1. What is the remainder when 3*(66/9 + -1) is divided by v?
5
Suppose -50 = -5*x - 15. Suppose 4*b - x = 3*b. Let i = 66 + -64. Calculate the remainder when b is divided by i.
1
Let y(b) = b**3 + 9*b**2 - 10*b + 8. Let f be y(-10). Let n = 19 - f. Calculate the remainder when 19 is divided by n.
8
Suppose -5*l + 13 = 2*m, -3*l = -2*m - l + 34. What is the remainder when 166 is divided by m?
12
Let h = 32 - 4. Suppose 0 = -k + 9 + 1. What is the remainder when h is divided by k?
8
Suppose -p + 11 = 3*d + p, 0 = -d + 3*p. Suppose -d*o = o - 112. Calculate the remainder when 109 is divided by o.
25
Suppose 0 = -0*b + 5*b - 35. Let l(c) = c**3 + 8*c**2 - 11*c. Calculate the remainder when l(-9) is divided by b.
4
Let a be 45 - (3 - (0 - -3)). Suppose -2*u = -5*u + a. What is the remainder when 29 is divided by u?
14
Let q = -25 - -35. Suppose 2*o + q = 2*r, -5*r = -o + 2*o + 5. What is the remainder when 8 is divided by r + 5/(1 - 0)?
3
Calculate the remainder when 38 is divided by (-10)/8*(4 - 12).
8
Suppose 5*a - 45 = -4*x, -27 = -4*a + a - 3*x. What is the remainder when 24 is divided by a?
6
Let d be 3*(15/9 + 0). Suppose -d*c - 3*b + 209 = 0, 5*b - 227 + 12 = -5*c. Calculate the remainder when c is divided by 14.
12
Suppose -4*t - t + 9 = g, 3*t - 15 = -3*g. Suppose -26 = -5*q + g. Calculate the remainder when 16 is divided by q.
4
Let d = -76 + 114. Let f = d - 23. Calculate the remainder when f is divided by 8.
7
Let i(h) = h**2 - 4*h + 5. What is the remainder when 28 is divided by i(4)?
3
Let r = 4 + 1. Suppose 4*b + 3*k - 67 = 0, -2*k - 28 = -r*b + 27. Calculate the remainder when 37 is divided by b.
11
What is the remainder when 24/10 - 36/(-60) is divided by 2?
1
Suppose 0*u + 2 = u. Suppose 8 + 16 = u*z. What is the remainder when z is divided by 5?
2
Suppose n - 9 = -2*n. Suppose 28 = n*y + y. What is the remainder when (-4)/6 + (-76)/(-6) is divided by y?
5
Suppose 11 = 3*d - 22. Calculate the remainder when 32 is divided by d.
10
Suppose -121 - 144 = -5*k. Suppose -13 = -0*t - t. Let i = k - t. What is the remainder when i is divided by 14?
12
Let v(d) = d**2 + 9*d + 4. Let z be v(-6). Let m = -13 - z. Calculate the remainder when 1 is divided by m.
0
Let m = 86 - 57. Calculate the remainder when m is divided by 10.
9
Suppose 212 = 2*f + 5*c - 34, 2*c = -f + 121. What is the remainder when f is divided by 23?
21
Let k be (-8)/(-28) + 36/21. Suppose -k*h + 14 = -10. What is the remainder when h is divided by 4?
0
Let p(t) = t + 15. Let b be p(-15). What is the remainder when 8 + 6 - (b - 2) is divided by 10?
6
Suppose 0*u = u. Suppose 5*h - h - 44 = u. Calculate the remainder when 20 is divided by h.
9
Let a(t) = 4*t**3 - 4*t**2 + 3*t - 2. Let d(p) = -2*p - 3. Let r = -12 + 7. Calculate the remainder when a(2) is divided by d(r).
6
Let d = 18